r be (0 - 2) + q + 42. Let d = r - 27. Is d composite?
False
Let z = -2 + 4. Suppose 2*r + 3 = 3*r. Is (r + -6)*(-2)/z prime?
True
Let x(d) = 2304*d**3 + d**2 - d + 1. Is x(1) a prime number?
False
Suppose -13*i = -16*i + 1479. Is i prime?
False
Let r = 8 + -7. Let o = 8 + r. Is o a composite number?
True
Suppose -3*n + 5*r = 3 + 3, 8 = -4*n - r. Let w be n/5 - 6/10. Let j(d) = 47*d**2 + d. Is j(w) a composite number?
True
Suppose -m + 16 = 3*m. Suppose d - m*b = 29, -5*b - 138 = -d - 3*d. Is d a composite number?
False
Let i be 4/(-6)*18/(-4). Let n = 4 - i. Is -1*n - -34*2 prime?
True
Suppose l + 14 = 13. Is l + 3 + 162 + -1 a prime number?
True
Let o(b) = 3*b + 11. Let m(w) = 12*w + 45. Let n(y) = -5*m(y) + 21*o(y). Is n(11) a composite number?
True
Let b be -4 + 3/(12/52). Is ((-13)/2)/(b/(-90)) composite?
True
Let q(c) = c**3 - c**2 + c + 5. Let u be q(0). Suppose 3*v + 4*a = 999, 5*v + u*a - 1679 = 3*a. Is v prime?
True
Is ((-12)/8)/(6/(-76)) a prime number?
True
Let a = -13 + 13. Is 0 - (a + -1) - -126 composite?
False
Let u(x) = -4*x - 9. Suppose -5*v = 5*q + 60, 6*q - q + v = -44. Is u(q) a prime number?
True
Is (-4040)/(-10)*3/6 a prime number?
False
Suppose 0 = -72*v + 70*v + 1886. Is v a composite number?
True
Let h(p) = -4*p**2 + p - 7. Let k be h(5). Let f(d) = -154*d**2 - 1. Let v be f(-1). Let j = k - v. Is j a composite number?
False
Let w be (-9)/(-15) + (-44)/(-10). Suppose w*h = 127 + 98. Suppose -h - 15 = -4*l. Is l composite?
True
Let n = 1695 - 452. Suppose -4*r + 105 = -n. Is r prime?
True
Suppose 0 = -4*s + 5*l + 30 + 46, 3*s - 57 = -4*l. Is s prime?
True
Let g(z) = z**3 - z**2 - 1. Let v be g(0). Let h be (2 + 1)/(0 - v). Suppose h = 3*p, 7*u - 2*u - 2*p - 263 = 0. Is u prime?
True
Suppose 11*x = x + 14650. Is x composite?
True
Let q = -6 + 9. Suppose q*o + 22 = 127. Is o a prime number?
False
Is (-382)/6*(-7 - -4) composite?
False
Suppose -3*y - 9 = 3*p, y + 2*p + 1 + 7 = 0. Is 1/((-4)/(-700)) + y composite?
True
Suppose -544 = -2*m - 2*m - b, 2*b = 4*m - 556. Suppose 10 = 5*t, -4*t + 19 = 4*p - m. Is p a composite number?
False
Let z = 5653 + -1670. Is z composite?
True
Let p(f) = -f - 7 + f + 2*f + 0. Is p(10) composite?
False
Let l(h) = 0*h**2 - h**2 - 9*h**3 - 15*h**3 - 27*h**3 + 1. Is l(-1) a composite number?
True
Suppose 4*c - 3 = -3*s, -5*c = -s + 6*s. Suppose 10 = -3*b + 2*m - 0*m, -b = c*m + 18. Let y(i) = i**3 + 9*i**2 + 7*i + 1. Is y(b) prime?
True
Suppose -5*p + 339 + 466 = 0. Suppose p + 394 = 5*k. Is k a composite number?
True
Let y(r) be the third derivative of -9*r**4/4 + r**3/6 + r**2. Let s(m) = -162*m + 3. Let p(a) = -6*s(a) + 17*y(a). Is p(1) composite?
False
Let x = -4 + 171. Is x a prime number?
True
Let u(h) = h**2 + 2*h + 5. Is u(6) composite?
False
Let y = 720 - -431. Is y a prime number?
True
Suppose 0 = -3*z + 2*p + 623, -2*z - 193 = -p - 610. Is z a composite number?
False
Is 4*64 + (2 - 5) a composite number?
True
Let m be (1 + 21)*(-33)/(-6). Suppose -3*x + 80 = -m. Is x prime?
True
Let o = -33 - -104. Is o a prime number?
True
Suppose g = -0*g. Suppose -3*p - p + 188 = g. Is p a composite number?
False
Let m(i) = 68*i - 3. Is m(5) a composite number?
False
Is (5 - -16)/(8/5 - 1) a prime number?
False
Suppose f - 5*r = -34, -83 = 3*f - r + 75. Let i = 201 - 110. Let l = f + i. Is l prime?
True
Let r be ((-30)/20)/(6/16). Let a(f) = -5*f**3 + 5*f**2 - 3*f + 3. Is a(r) composite?
True
Suppose 2*b + 2039 = 5*s, 0*b + 3*b + 809 = 2*s. Is s prime?
True
Let a(b) be the second derivative of 5*b**3/6 - b**2/2 - b. Let n be a(1). Let v(p) = 8*p**2 - 2*p - 1. Is v(n) prime?
False
Suppose -3 = -c - 3*y, -4*c + 4 = -5*y - 25. Suppose 2*f = c*f - 84. Is f a composite number?
True
Is 8/(-52) + (-249)/(-13) a prime number?
True
Let i be ((-4)/6)/((-3)/(-72)). Let z = i + 28. Let d = z - -37. Is d a prime number?
False
Suppose 5*n + 24 + 36 = 0. Let r(f) = -f - 8. Is r(n) a prime number?
False
Let z be ((-238)/(-56))/(0 + 2/56). Let a(f) = 2*f + 1. Let m be a(2). Suppose -429 + z = -m*u. Is u a prime number?
False
Let u(m) = -19*m - 3. Let o be u(4). Let f be o/3 + (-3)/(-9). Is (f/4)/(3/(-42)) composite?
True
Suppose 0 = 2*n - 4 - 0. Suppose -n + 0 = -2*c. Is (c/(-2))/(1/(-158)) composite?
False
Suppose 0 = -5*x - 3*a + 20, 5*x - 30 = -0*x - a. Suppose 0 = x*n - 3*n - 124. Is n composite?
False
Let k = 156 - 101. Is k composite?
True
Let y = -17 - -110. Is y a prime number?
False
Let y = -18 + 11. Let h(s) = -10*s - 3. Is h(y) a prime number?
True
Suppose r + 4*i - 563 = 0, -1170 = -r - r + 3*i. Is r a composite number?
True
Let w(i) = -3 + 2*i**3 - 2*i**2 + 1 - 5*i - i + 5*i. Let x be w(2). Suppose -x*a + 3*d + 225 + 111 = 0, 3*d - 447 = -5*a. Is a a composite number?
True
Suppose 2*g - 52 = g. Suppose 69 + 66 = -5*c. Let a = c + g. Is a composite?
True
Let q(c) = -c**2 - 8*c + 7. Let o be q(-8). Suppose 3 = 5*f - o. Suppose -a - 128 = -3*a + f*m, -a - m + 74 = 0. Is a composite?
True
Suppose 129 = 4*p - t, p - 3 - 3 = -5*t. Is p a composite number?
False
Suppose -2 + 8 = 2*r. Suppose -5*h = -r*x - 760, -3*h + 37 = -x - 415. Is h a composite number?
False
Let x(o) = -15*o + 3. Let z be x(2). Let h = z + 46. Is h composite?
False
Let z = -184 + 312. Suppose 0*w - w = z. Let m = -31 - w. Is m prime?
True
Let z = -42 + 111. Is z composite?
True
Let z be 11/3 - 2/(-6). Suppose 0*m - m = -z. Suppose -118 = -5*v + 4*l + 163, 0 = -m*l - 16. Is v composite?
False
Let u(w) be the second derivative of w**5/20 - 5*w**4/6 - 5*w**3/6 + 11*w**2/2 - 2*w. Is u(11) a prime number?
False
Let d(w) = w - 8. Let t be d(5). Let z(h) = -2 + 6 - 7*h + 0. Is z(t) prime?
False
Let n(h) = h**3 - 2*h**2 - 4*h + 3. Let c be n(3). Let k be 168/63*3/2. Suppose -66 = -2*y + k*f, c*f - 4*f - 99 = -3*y. Is y composite?
True
Let m = 275 - -311. Is m a prime number?
False
Let x be (40/6)/((-2)/(-3)). Suppose -2*o = -o + x. Let c = o + 29. Is c prime?
True
Let i(a) = 5*a - 14. Let w(j) = 2*j - 5. Let b(t) = 4*i(t) - 11*w(t). Suppose -2*c - 2*x = 9 + 3, -5*x + 20 = 0. Is b(c) prime?
True
Suppose 36 = 2*x - 2*h, -3*x + 7*x - 82 = 2*h. Is x composite?
False
Let y(s) = -s + 1. Let q(b) = -13*b + 2. Let h(r) = -q(r) - 6*y(r). Is h(5) a composite number?
True
Suppose -3*w + 4426 + 2993 = 0. Is w composite?
False
Is 2/6 - (18656/(-24))/2 composite?
False
Suppose j = 4*g + 698, -g + 168 = -2*g - 3*j. Let a = 357 + g. Is a a composite number?
True
Let r(o) = 9*o - 16. Let w(p) = p**3 + 2*p**2 - 3*p + 1. Let d be w(2). Is r(d) a prime number?
True
Let z(l) be the second derivative of 35*l**4/12 - l**3/6 - l**2/2 - 4*l. Is z(-3) a composite number?
False
Suppose -5*c + 915 = -980. Is c prime?
True
Let f = 4 + -3. Let m be (1 + f)*(-1 - -3). Suppose -5*y - m*l = -455, -4*y - 76 + 440 = 4*l. Is y a composite number?
True
Let z(k) = 33*k - 5. Let v(j) = -32*j + 5. Let u(h) = -2*v(h) - 3*z(h). Is u(-4) a composite number?
True
Is ((-2)/1)/(9/((-11043)/6)) prime?
True
Suppose 5*l = 4 + 21. Suppose -4*c + 10*f - 5*f = -123, 3*c + f = 116. Suppose n = -3*n, -h - l*n = -c. Is h prime?
True
Let t(g) = -7*g**2 + g - 1. Let a(s) = s. Let w(z) = a(z) - t(z). Suppose -2 = -2*c - 10. Is w(c) a prime number?
True
Let y(h) = h**3 - 4*h**2 + 5*h - 1. Let m(g) = -g + 3. Let s be m(-2). Is y(s) prime?
False
Is (-12)/3 + (4 - (-5 + -1288)) a composite number?
True
Suppose -3*o = -0*u + u - 896, -6 = -3*u. Is o a prime number?
False
Let z = -286 + 402. Suppose -3*h - 2*l + 90 = -z, 2*h + 4*l - 132 = 0. Suppose -h = -5*i + 3*i. Is i a composite number?
True
Let j = -990 + 2267. Is j a prime number?
True
Is (-1972)/(-10)*175/70 prime?
False
Let k be ((-44)/6)/(3/(-162)). Suppose 3*z - k = 9. Suppose 5*t = 50 + z. Is t prime?
True
Suppose 34 = 3*n + 4. Let r = n + 86. Let i = -43 + r. Is i prime?
True
Let o be 3 + (-3 + 0)/3. Let j be 4/o + 315 - 1. Suppose 0 = 4*w - 0*w - j. Is w prime?
True
Suppose 2 = -w + 8. Is (-219)/(-6) - (-3)/w a prime number?
True
Let x be (-3)/(-12) - (-3)/(-12). Is (83/3 + x)*3 prime?
True
Let k(n) = -3*n - 1. Let g be k(-2). Suppose g*f - 2*f + 5*w = -11, 5*f + 3*w = 3. Let y(s) = 5*s**2 - 2*s - 2. Is y(f) prime?
True
Suppose 2*z = 4*z + 2, 4*u - 4904 = -4*z. Is u a composite number?
True
Suppose -5*k + 0*u + 1005 = 2*u, 0 = k - 4*u - 22